{"id":348,"date":"2024-10-29T07:28:28","date_gmt":"2024-10-29T07:28:28","guid":{"rendered":"https:\/\/sirm.md\/\/?page_id=348"},"modified":"2024-11-12T12:39:10","modified_gmt":"2024-11-12T12:39:10","slug":"membrii-consiliului-asociatiei","status":"publish","type":"page","link":"https:\/\/sirm.md\/index.php\/membrii-consiliului-asociatiei\/","title":{"rendered":"Membrii Consiliului Asocia\u021biei"},"content":{"rendered":"\n<div class=\"wp-block-media-text\" style=\"grid-template-columns:23% auto\"><figure class=\"wp-block-media-text__media\"><img loading=\"lazy\" decoding=\"async\" width=\"852\" height=\"1024\" src=\"https:\/\/sirm.md\/\/wp-content\/uploads\/2024\/10\/CAZACIOC-Andrei-sef-Directie-CSP-Causei-852x1024.jpg\" alt=\"\" class=\"wp-image-229 size-full\"\/><\/figure><div class=\"wp-block-media-text__content\">\n<p>CAZACIOC Andrei, \u0219ef Direc\u021bie CSP C\u0103u\u0219eni<\/p>\n<\/div><\/div>\n\n\n\n<p><\/p>\n\n\n\n<div class=\"wp-block-media-text\" style=\"grid-template-columns:23% auto\"><figure class=\"wp-block-media-text__media\"><img loading=\"lazy\" decoding=\"async\" width=\"172\" height=\"222\" src=\"https:\/\/sirm.md\/\/wp-content\/uploads\/2024\/10\/CEBANU-Serghei-Sef-Departament-Medicina-Preventiva-dr.-hab.-in-st.med_.-conferentiar-universitar-e1728988258441.jpg\" alt=\"\" class=\"wp-image-230 size-full\"\/><\/figure><div class=\"wp-block-media-text__content\">\n<p>CEBANU Serghei, \u0218ef Departament Medicin\u0103 Preventiv\u0103, dr. hab. \u00een \u0219t.med., conferen\u021biar universitar<\/p>\n<\/div><\/div>\n\n\n\n<p><\/p>\n\n\n\n<div class=\"wp-block-media-text\" style=\"grid-template-columns:23% auto\"><figure class=\"wp-block-media-text__media\"><img loading=\"lazy\" decoding=\"async\" width=\"276\" height=\"276\" src=\"https:\/\/sirm.md\/\/wp-content\/uploads\/2024\/10\/0-02-05-d5bc29681072dca009ffe904a959c80ea043e2782f471d6584b3551ea070213f_404f5705ec8281e0.png\" alt=\"\" class=\"wp-image-372 size-full\" srcset=\"https:\/\/sirm.md\/wp-content\/uploads\/2024\/10\/0-02-05-d5bc29681072dca009ffe904a959c80ea043e2782f471d6584b3551ea070213f_404f5705ec8281e0.png 276w, https:\/\/sirm.md\/wp-content\/uploads\/2024\/10\/0-02-05-d5bc29681072dca009ffe904a959c80ea043e2782f471d6584b3551ea070213f_404f5705ec8281e0-150x150.png 150w\" sizes=\"auto, (max-width: 276px) 100vw, 276px\" \/><\/figure><div class=\"wp-block-media-text__content\">\n<p>CORE\u021aCHI Roman, medic specialist, MSP, doctorand<\/p>\n<\/div><\/div>\n\n\n\n<p><\/p>\n\n\n\n<div class=\"wp-block-media-text\" style=\"grid-template-columns:23% auto\"><figure class=\"wp-block-media-text__media\"><img loading=\"lazy\" decoding=\"async\" width=\"172\" height=\"246\" src=\"https:\/\/sirm.md\/\/wp-content\/uploads\/2024\/10\/DELEU-Raisa-dr.-in-st.-med.-conferentiar-universitar-e1728988236264.jpg\" alt=\"\" class=\"wp-image-232 size-full\"\/><\/figure><div class=\"wp-block-media-text__content\">\n<p>DELEU Raisa, dr. \u00een \u0219t. med., conferen\u021biar universitar<\/p>\n<\/div><\/div>\n\n\n\n<p><\/p>\n\n\n\n<div class=\"wp-block-media-text\" style=\"grid-template-columns:23% auto\"><figure class=\"wp-block-media-text__media\"><img loading=\"lazy\" decoding=\"async\" width=\"172\" height=\"246\" src=\"https:\/\/sirm.md\/\/wp-content\/uploads\/2024\/10\/FRIPTULEAC-Grigore-dr.-hab.-in-st.-med.-profesor-universitar-e1728988225927.jpg\" alt=\"\" class=\"wp-image-233 size-full\"\/><\/figure><div class=\"wp-block-media-text__content\">\n<p>FRIPTULEAC Grigore, dr. hab. \u00een \u0219t. med., profesor universitar<\/p>\n<\/div><\/div>\n\n\n\n<p><\/p>\n\n\n\n<div class=\"wp-block-media-text\" style=\"grid-template-columns:23% auto\"><figure class=\"wp-block-media-text__media\"><img loading=\"lazy\" decoding=\"async\" width=\"131\" height=\"177\" src=\"https:\/\/sirm.md\/\/wp-content\/uploads\/2024\/10\/GUZUN-Dumitru-medic-specialist-CSP-Comrat-Vulcanesti.jpg\" alt=\"\" class=\"wp-image-234 size-full\"\/><\/figure><div class=\"wp-block-media-text__content\">\n<p>GUZUN Dumitru, medic specialist, CSP Comrat-Vulc\u0103ne\u0219ti<\/p>\n<\/div><\/div>\n\n\n\n<p><\/p>\n\n\n\n<div class=\"wp-block-media-text is-stacked-on-mobile\" style=\"grid-template-columns:23% auto\"><figure class=\"wp-block-media-text__media\"><img loading=\"lazy\" decoding=\"async\" width=\"172\" height=\"227\" src=\"https:\/\/sirm.md\/\/wp-content\/uploads\/2024\/10\/JARDAN-Elena-OMS-dr.in-st.med_-e1728988201862.jpg\" alt=\"\" class=\"wp-image-235 size-full\"\/><\/figure><div class=\"wp-block-media-text__content\">\n<p>JARDAN Elena, OMS, dr.\u00een \u0219t.med MSP<\/p>\n<\/div><\/div>\n\n\n\n<p><\/p>\n\n\n\n<div class=\"wp-block-media-text\" style=\"grid-template-columns:23% auto\"><figure class=\"wp-block-media-text__media\"><img loading=\"lazy\" decoding=\"async\" width=\"869\" height=\"1024\" src=\"https:\/\/sirm.md\/\/wp-content\/uploads\/2024\/10\/MANOLE-Vergil-Sef-adjunct-Directie-CSP-Balsi-dr.-in-st.med_-869x1024.jpg\" alt=\"\" class=\"wp-image-236 size-full\"\/><\/figure><div class=\"wp-block-media-text__content\">\n<p>MANOLE Vergil, \u0218ef adjunct Direc\u021bie CSP B\u0103l\u0219i, dr. \u00een \u0219t.med MSP<\/p>\n<\/div><\/div>\n\n\n\n<p><\/p>\n\n\n\n<div class=\"wp-block-media-text is-stacked-on-mobile\" style=\"grid-template-columns:23% auto\"><figure class=\"wp-block-media-text__media\"><img loading=\"lazy\" decoding=\"async\" width=\"172\" height=\"200\" src=\"https:\/\/sirm.md\/\/wp-content\/uploads\/2024\/10\/SALARU-Ion-Director-adjunct-ANSP-MSP-e1728988172722.jpg\" alt=\"\" class=\"wp-image-237 size-full\"\/><\/figure><div class=\"wp-block-media-text__content\">\n<p>\u0218ALARU Ion, \u0218ef Direc\u021bie, MSP<\/p>\n<\/div><\/div>\n\n\n\n<p><\/p>\n\n\n\n<div class=\"wp-block-media-text\" style=\"grid-template-columns:23% auto\"><figure class=\"wp-block-media-text__media\"><img loading=\"lazy\" decoding=\"async\" width=\"172\" height=\"208\" src=\"https:\/\/sirm.md\/\/wp-content\/uploads\/2024\/10\/TCACI-Eudochia-Sef-Directie-CSP-Chisinau-e1728988131396.jpg\" alt=\"\" class=\"wp-image-238 size-full\"\/><\/figure><div class=\"wp-block-media-text__content\">\n<p>TCACI Eudochia, \u0218ef Direc\u021bie CSP Chi\u0219in\u0103u, dr. \u00cen \u0219t. med, MSP<\/p>\n<\/div><\/div>\n","protected":false},"excerpt":{"rendered":"<p>CAZACIOC Andrei, \u0219ef Direc\u021bie CSP C\u0103u\u0219eni CEBANU Serghei, \u0218ef Departament Medicin\u0103 Preventiv\u0103, dr. hab. \u00een \u0219t.med., conferen\u021biar universitar CORE\u021aCHI Roman, medic specialist, MSP, doctorand DELEU Raisa, dr. \u00een \u0219t. med., conferen\u021biar universitar FRIPTULEAC Grigore, dr. hab. \u00een \u0219t. med., profesor universitar GUZUN Dumitru, medic specialist, CSP Comrat-Vulc\u0103ne\u0219ti JARDAN Elena, OMS, dr.\u00een \u0219t.med MSP MANOLE Vergil, [&hellip;]<\/p>\n","protected":false},"author":1,"featured_media":0,"parent":0,"menu_order":0,"comment_status":"closed","ping_status":"closed","template":"","meta":{"footnotes":""},"class_list":["post-348","page","type-page","status-publish","hentry"],"_links":{"self":[{"href":"https:\/\/sirm.md\/index.php\/wp-json\/wp\/v2\/pages\/348","targetHints":{"allow":["GET"]}}],"collection":[{"href":"https:\/\/sirm.md\/index.php\/wp-json\/wp\/v2\/pages"}],"about":[{"href":"https:\/\/sirm.md\/index.php\/wp-json\/wp\/v2\/types\/page"}],"author":[{"embeddable":true,"href":"https:\/\/sirm.md\/index.php\/wp-json\/wp\/v2\/users\/1"}],"replies":[{"embeddable":true,"href":"https:\/\/sirm.md\/index.php\/wp-json\/wp\/v2\/comments?post=348"}],"version-history":[{"count":17,"href":"https:\/\/sirm.md\/index.php\/wp-json\/wp\/v2\/pages\/348\/revisions"}],"predecessor-version":[{"id":386,"href":"https:\/\/sirm.md\/index.php\/wp-json\/wp\/v2\/pages\/348\/revisions\/386"}],"wp:attachment":[{"href":"https:\/\/sirm.md\/index.php\/wp-json\/wp\/v2\/media?parent=348"}],"curies":[{"name":"wp","href":"https:\/\/api.w.org\/{rel}","templated":true}]}}